hat is 1111111 - 1100?
1110011
In base 6, what is 1133 + -3?
1130
In base 10, what is 81 - 2?
79
In base 6, what is 3434 - 5?
3425
In base 2, what is 100 - 11001100?
-11001000
In base 3, what is -10000 - 11?
-10011
In base 9, what is 2 + 15?
17
In base 8, what is -4341 - -5?
-4334
In base 9, what is 45 - -1?
46
In base 3, what is 10 - 1002100?
-1002020
In base 14, what is 5 + -48?
-43
In base 15, what is -317 - 3?
-31a
In base 7, what is 2 - 1022?
-1020
In base 12, what is 33 + 29?
60
In base 13, what is -28 - -b0?
85
In base 2, what is -111100 + -1000111?
-10000011
In base 12, what is 16 - -13?
29
In base 6, what is 1 - -202?
203
In base 6, what is 11 - 1151?
-1140
In base 15, what is -e2 - -2?
-e0
In base 3, what is -1 + -1120100?
-1120101
In base 4, what is -33 - -2120?
2021
In base 7, what is 2554 + 0?
2554
In base 6, what is -114 + -1?
-115
In base 16, what is 4 + -e43?
-e3f
In base 7, what is -11 - 156?
-200
In base 5, what is -2023 - 4?
-2032
In base 6, what is -2 + -2300?
-2302
In base 8, what is 37 - 606?
-547
In base 5, what is 12 - 13032?
-13020
In base 11, what is 34 - -2?
36
In base 16, what is -3 + -3c0?
-3c3
In base 10, what is -7548 + -4?
-7552
In base 10, what is 70 + -1?
69
In base 2, what is -1 + -10111111110?
-10111111111
In base 9, what is -7 + -124?
-132
In base 11, what is 598a - -4?
5993
In base 13, what is -6 - -10?
7
In base 9, what is -1 + 4?
3
In base 5, what is -213 + -1?
-214
In base 15, what is 6 + -777?
-771
In base 8, what is 1425 + -3?
1422
In base 9, what is -774 - -3?
-771
In base 2, what is 100111011 + 100?
100111111
In base 10, what is 572 + -1?
571
In base 6, what is 14 + 144?
202
In base 9, what is -2 + -230?
-232
In base 2, what is -100 - -1000011?
111111
In base 8, what is -43117 + -2?
-43121
In base 9, what is 1124 - 1?
1123
In base 16, what is -7f + 4?
-7b
In base 5, what is -232 + -333?
-1120
In base 3, what is 202 - -2021?
10000
In base 5, what is 4 - -22044?
22103
In base 8, what is 5 + -23?
-16
In base 7, what is 3030 + 4?
3034
In base 16, what is e + 5?
13
In base 2, what is -1110101 + 0?
-1110101
In base 5, what is -24 - 201?
-230
In base 8, what is 25337 + 5?
25344
In base 15, what is -9a + 10?
-8a
In base 13, what is 1711 - -3?
1714
In base 10, what is 76 + 5?
81
In base 13, what is 318 + 1?
319
In base 4, what is -31323 - 113?
-32102
In base 10, what is -89 - 2?
-91
In base 10, what is -40 + -47?
-87
In base 12, what is 13aa - -5?
13b3
In base 15, what is -46d + 0?
-46d
In base 12, what is -1 + 78?
77
In base 15, what is -5 + 12?
c
In base 6, what is 0 - -244?
244
In base 5, what is -2032 + -2?
-2034
In base 2, what is -10000 - 1111010?
-10001010
In base 3, what is 2010102 - 1?
2010101
In base 8, what is -200 - 3?
-203
In base 4, what is -10 - -1023023?
1023013
In base 6, what is -504 - 5?
-513
In base 5, what is 22 + -2304?
-2232
In base 16, what is aa + -1?
a9
In base 7, what is -25 + -3236?
-3264
In base 7, what is -1 - -140?
136
In base 15, what is 2 - 87?
-85
In base 15, what is 1bd + -5?
1b8
In base 12, what is b + 15?
24
In base 9, what is 425 + -4?
421
In base 16, what is c + -2?
a
In base 6, what is 1 - -32?
33
In base 10, what is -2 + 27?
25
In base 10, what is -12009 + 1?
-12008
In base 13, what is -9903 + 1?
-9902
In base 6, what is -5 + 344?
335
In base 2, what is 101 + -111000001100?
-111000000111
In base 10, what is 54 - 22?
32
In base 9, what is 15 - -10?
25
In base 13, what is 49 - 0?
49
In base 8, what is 237 - -102?
341
In base 10, what is -2 + -32?
-34
In base 9, what is 516 + -1?
515
In base 6, what is 0 + 15122?
15122
In base 2, what is 100 + 11?
111
In base 12, what is 4 + 835?
839
In base 11, what is 61 - 59?
3
In base 8, what is 6 + -122?
-114
In base 8, what is 2 + -2140?
-2136
In base 15, what is -13 + 13?
0
In base 14, what is 373 + -4?
36d
In base 11, what is -6 - 2a?
-35
In base 3, what is 1002 - -102?
1111
In base 12, what is 1 - -134?
135
In base 9, what is -1 + 70?
68
In base 14, what is 1 - -166?
167
In base 6, what is 2041 - 52?
1545
In base 14, what is 14 - 3c?
-28
In base 4, what is 1133011 - 10?
1133001
In base 10, what is 13 + -18?
-5
In base 15, what is -61 - 18?
-79
In base 13, what is -3 - 1a0?
-1a3
In base 5, what is -10 + -23230?
-23240
In base 6, what is -14 - 2205?
-2223
In base 16, what is -3 + 18?
15
In base 10, what is 51 - -738?
789
In base 11, what is -6 + -121?
-127
In base 6, what is 2452 + 5?
2501
In base 9, what is -7161 + -5?
-7166
In base 6, what is 3 - 532?
-525
In base 11, what is 0 + 842?
842
In base 15, what is 5 - -40?
45
In base 8, what is 75 - 0?
75
In base 4, what is -3 + 22?
13
In base 10, what is 127 + -157?
-30
In base 2, what is 0 - -1000011100?
1000011100
In base 9, what is -3 - -23?
20
In base 14, what is ad - -56?
125
In base 7, what is 4 - 20?
-13
In base 7, what is -215 - 1?
-216
In base 12, what is 66 - -279?
323
In base 10, what is 11 + 10?
21
In base 14, what is 12 + -88?
-76
In base 9, what is 5 - 667?
-662
In base 15, what is 4 + -696?
-692
In base 14, what is 1 - 141?
-140
In base 16, what is 10e + -2?
10c
In base 2, what is 111111110111 + 101?
111111111100
In base 12, what is 120 - -b9?
219
In base 9, what is 732 + 4?
736
In base 9, what is -703 + 1?
-702
In base 12, what is -61 + 21?
-40
In base 6, what is -24 + 5?
-15
In base 10, what is -3 - 665?
-668
In base 8, what is -4 + 537?
533
In base 9, what is 23 + -4?
18
In base 10, what is 5 + 19?
24
In base 12, what is -5 - 19?
-22
In base 5, what is 302403 + -2?
302401
In base 7, what is 5 - -66?
104
In base 16, what is 0 + -20b?
-20b
In base 4, what is 12 - 120?
-102
In base 2, what is 1111000 - -10?
1111010
In base 10, what is -141 + -9?
-150
In base 3, what is 102022001 - 1?
102022000
In base 9, what is -6 + -42?
-48
In base 15, what is -c90 - 3?
-c93
In base 12, what is -22 + -8b?
-b1
In base 6, what is -335 + 22?
-313
In base 2, what is 0 - -100100101110?
100100101110
In base 4, what is -312 - 2?
-320
In base 9, what is 878 + 5?
884
In base 16, what is 4 + 175?
179
In base 12, what is -89 + 1?
-88
In base 6, what is -10 + -3332?
-3342
In base 7, what is 53 + 24?
110
In base 13, what is -134 - -4?
-130
In base 9, what is -11062 - 5?
-11067
In base 13, what is 107 + -34?
a3
In base 5, what is 110 + 23?
133
In base 7, what is -1146 + -3?
-1152
In base 12, what is -762 - 2?
-764
In base 8, what is -5513 + 1?
-5512
In base 2, what is 110 - -10011111101?
10100000011
In base 13, what is 5 + 22?
27
In base 16, what is -cb - -1?
-ca
In base 2, what is 10 - 1010101?
-1010011
In base 6, what is 1005 - -150?
1155
In base 11, what is -42 + -209?
-250
In base 16, what is -3 + 5b8?
5b5
In base 5, what is -1 + 31142?
31141
In base 5, what is -3 - 3102?
-3110
In base 3, what is -101101202 + 2?
-101101200
In base 11, what is -4 + 12?
9
In base 10, what is 3638 - -2?
3640
In base 4, what is 313130 + -10?
313120
In base 12, what is 1 - -1256?
1257
In base 9, what is 2 - 418?
-416
In base 12, what is -186 - 4b?
-215
In base 8, what is -1 - -14?
13
In base 15, what is 5 + -22?
-1c
In base 8, what is 26 - -33?
61
In base 9, what is 2246 + 0?
2246
In base 9, what is 4 + -488?
-484
In base 9, what is -1 + -12?
-13
In base 8, what is 14 + -32?
-16
In base 3, what is 12 + -10120210?
-10120121
In base 11, what is 1 + -172?
-171
In base 10, what is 6 + -103?
-97
In base 12, what is -1 + 153?
152
In base 4, what is -10 - 330300?
-330310
In base 7, what is -334 + 3?
-331
In base 9, what is -3 + 87?
84
In base 11, what is 172 + -6?
167
In base 4, what is 3 - 10311?
-10302
In base 14, what is 1 + -139?
-138
In base 15, what is 5dd + 3?
5e1
In base 12, what is 2 + 7a?
80
In base 4, what is 3 - -311?
320
In base 3, what is 2210202 + 0?
2210202
In base 15, what is -3c - -c?
-30
In base 10, what is 4 - 38?
-34
In base 11, what is -136 + 1a?
-117
In base 11, what is 3 + -62?
-5a
In base 2, what is 101010110111010 + -1?
101010110111001
In base 5, what is 21 + 144?
220
In base 8, what is -1 + -607?
-610
In base 15, what is 4 + c?
11
In base 3, what is -22212 + -2?
-22221
In base 4, what is -11 - -22?
11
In base 15, what is -4 + -38?
-3c
In base 4, what is -12020 - -23?
-11331
In base 7, what is -20650 - 3?
-20653
In base 16, what is 4587 + 3?
458a
In base 15, what is 5 + -b?
-6
In base 16, wh